 Let a(y) = -y**3 - 8*y**2 + 5. Determine a(l).
5
Let p(j) = -5*j**2 - j + 53. Let b(v) = -2*v**2 - v - 1. Let a(n) = -2*b(n) + p(n). Give a(0).
55
Suppose 5*w = -5*j + 145, 4*w - 121 = -4*j + w. Suppose 27 + 18 = 5*y + 5*v, 4*v + j = 3*y. Let u(f) = 3 - 19*f**2 + 8*f**2 + 3*f + y*f**2. Determine u(3).
3
Let a(x) = 2*x**3 + 4*x**2. Suppose 5*s = -4*r - 15, -3*r - 1 = -4*s - 13. Give a(s).
-18
Let r(q) = 35*q - 6. Let b(t) = 60*t - 11. Let o(u) = 4*b(u) - 7*r(u). What is o(-8)?
38
Let q(g) be the third derivative of g**6/120 - g**5/30 + g**4/24 + g**3 + 79*g**2 + 2. Give q(3).
18
Let w be (3/6)/(3/(-6)). Let t be w + -3 + 4 + 2. Let k(s) = -s - 1 + t - 3*s. Calculate k(2).
-7
Let n(i) = -i**3 - 6*i**2 - 2*i + 2. Let j(z) = z**3 + 6*z**2 + 2*z - 2. Let k(s) = -5*j(s) - 4*n(s). Let y be (-36)/(-60) + 56/(-10). Give k(y).
-13
Let t = 15 - 10. Suppose t*s - 25 = -5*p, 4*p - 22 = -3*s - 6. Let k(u) = -1 - 5 + 3 - p - u**2 + 4*u. Determine k(4).
-4
Let d(f) = -5*f**2 - 2*f + 7. Let l(c) = -c**2. Let q(u) = d(u) - 4*l(u). Suppose -9 = -3*h - 0. Suppose -h*a - 20 = a. Calculate q(a).
-8
Let r be 6/12 + 23/2. Suppose 7*a - r = a. Let q(i) = 0 + 2*i**a + 3 + 5*i - 1. Calculate q(-3).
5
Let i(s) = 2*s + 38. Let m = 49 + -66. Let u be i(m). Let q(l) = 2*l. Determine q(u).
8
Let y(p) = 6*p**2 + 29*p - 43. Let a be y(-6). Let c(m) = 10*m**2 + 1. Let g be c(1). Let z(v) = 4*v**3 - 5*v + 4*v + g*v**3. Determine z(a).
-14
Let v(i) be the third derivative of i**4/8 + 4*i**3/3 - 127*i**2. Calculate v(-6).
-10
Let z(h) = h**3 - 7*h**2 + 10*h - 3. Let o be z(5). Let u(s) = s - 1. Let d(l) = -4*l + 3. Let q(r) = o*u(r) - d(r). Determine q(1).
1
Let g = 26 + -20. Let s(i) = 0 - 7*i + 7*i**2 - g*i**2 + 6. What is s(4)?
-6
Let u(t) be the first derivative of -t**3/3 + 7*t**2/2 + 7*t - 40. Suppose 0*h = -h - 3*i + 14, 3*i - 30 = -3*h. Determine u(h).
-1
Let w(z) = z**2 - 8*z + 10. Let f be w(7). Let m(n) = 0*n**f - 5*n**2 + n**3 + 3*n + 5 - 1. Let t be (-2)/(-18) - 35*(-6)/54. Calculate m(t).
0
Let z(u) be the first derivative of -5/2*u**2 + 1/3*u**3 - 27 + u. Determine z(5).
1
Suppose v - 6 = n, 0 = -2*v - 3*n - 0*n - 3. Let r(i) = 5 + 3*i + 2*i**v - 7 - 3*i**3. What is r(2)?
-4
Suppose -3*q = 14*q + 102. Let i(s) = s**3 + 6*s**2 + 6. Determine i(q).
6
Let d(r) be the second derivative of r**5/2 + r**4/6 - r**3/3 + r**2/2 - 4*r. Suppose 0 = 2*a + 2, 0 = -2*p + 4*a - 9 + 15. What is d(p)?
11
Suppose 5*i - 53 = 42. Suppose -38 = -9*s - 164. Let c = i + s. Let d(n) = n**2 - 4*n - 7. Determine d(c).
-2
Suppose -2*i - 9*a + 11*a - 4 = 0, -2*i - 4*a = -26. Let z(x) = 27*x**3 + 8 - 5 - 26*x**3 - i*x. What is z(2)?
5
Let s(d) = -5*d**2 - 2*d + 1. Suppose -5*x - 20 = 30. Let n be (x/35)/(4/(-28)). Calculate s(n).
-23
Let b = -163/6 - -55/2. Let x(o) be the second derivative of 3/2*o**2 + 0 + 6*o + b*o**3. Give x(-3).
-3
Let z(m) = -m - 4. Let n be z(-6). Suppose n*g + 2*g = 16. Let c(f) = 3*f + f**2 + 6*f**2 + g*f**2 - 9*f**2 - 2. Determine c(2).
12
Let p(d) = d**3 + 10*d**2 - d + 5. Let v(o) = o**2 + o - 1. Let q(u) = p(u) + v(u). Calculate q(-11).
4
Let o(x) = x**3 - 2*x**2 - 5*x + 4. Let s be 61/4 - 1/4. Suppose 5*n = -5*r + 25, -4*r - 5 = -n - r. Suppose -n*g + s = -0*g. Calculate o(g).
-2
Let o(l) = l**2 - 4*l - 2. Let u be o(5). Suppose -5*g = -0*g - u*d - 20, -3*d + 20 = 5*g. Let i(c) = -27 + c**3 - 4*c**2 - 31 - 2*c + 63. What is i(g)?
-3
Let x(f) = 2*f**2 + f. Let c be -4 + 95/30 + (-23)/(-6). Give x(c).
21
Let s(v) be the second derivative of -v**4/4 - v**3/3 - 66*v. Determine s(2).
-16
Let o(x) = 56*x + 398. Let g be o(-7). Let i(j) = -j - 3. Calculate i(g).
-9
Let b(i) = i**2 + 6*i + 1. Let t(c) be the second derivative of -c**4/4 - 13*c**3/6 - c**2 + c. Let w(k) = -5*b(k) - 2*t(k). Determine w(5).
4
Let z(g) be the first derivative of -g**3/3 - 2*g - 50. Determine z(-4).
-18
Let u(r) = -r**2 + r - 10. Suppose 19*b - 10*b = 0. Give u(b).
-10
Let b be 2 - (3 - (-4 + 0)). Let v(g) = -2 + 4 + 0 - 2*g. Let c(l) = -4*l + 4. Let d(x) = b*v(x) + 3*c(x). Give d(4).
-6
Let l(u) = 4*u - 4. Let k(c) = -3*c + 3. Let i(b) = 7*k(b) + 5*l(b). Let q(w) = -3*w + 1. Let z(f) = -4*i(f) + q(f). What is z(2)?
-1
Let u(m) = -9*m - 7. Let y(x) = 40*x + 28. Let n(s) = 9*u(s) + 2*y(s). What is n(5)?
-12
Let w be (-21)/(-1 + 30/35). Let b(f) = 1 + 0*f**2 - f**2 + 160*f**3 - w*f**3. Calculate b(-1).
-13
Suppose 4*i + i - z = 5, 3*i + 3*z = 21. Let f(t) = t**2 + 3*t + 4. Let c(w) = -2*w**2 - 4*w - 4. Let v(y) = i*c(y) + 3*f(y). Give v(6).
-26
Let w(n) = n - 4. Suppose -f = 2*u + 18, 4*f + 0*f + 72 = u. Let r = -12 - f. What is w(r)?
2
Let s(u) = u - 4. Let m be s(6). Let o(f) = -1 + f + f**2 + m*f + 4*f. Let c(q) = -20*q + 115. Let d be c(6). Calculate o(d).
-11
Let l(d) = 0*d + 12 + 8*d + 2 - 13 + 11*d. Determine l(2).
39
Let g(v) = -2*v**2 + 2*v + 1. Let s(w) = w**3 - 2*w**2 + w + 7. Let m be s(0). Suppose -2*j = -5 + m. Calculate g(j).
-3
Suppose -15*s - 534 = -684. Let c(n) = -n + 20. Give c(s).
10
Let s(w) = -w - 13. Let j(x) be the third derivative of -x**4/12 - 13*x**3/3 + 2*x**2. Suppose 14*p - 27 = 15. Let g(t) = p*j(t) - 7*s(t). Give g(0).
13
Let f(r) = 6*r**3 - 11*r**2 + 7*r - 3. Let q(k) = -k**3 + k**2 - k - 1. Let m(u) = -f(u) - 5*q(u). Let v be m(6). Let x(z) = -z - 8. Determine x(v).
-4
Let g(k) = 38*k - 8. Let u(q) = 13*q - 3. Let j(f) = -4*g(f) + 11*u(f). Calculate j(-1).
8
Let i(o) = -o**3 - 12*o**2 + 2*o - 2. Suppose -3*c = -151 + 187. What is i(c)?
-26
Let l = -9 + 39. Let h = -33 + l. Let m(s) = -s**2 - 4*s - 1. What is m(h)?
2
Suppose 1 = -g + 3. Let n(a) = a**2 + 10*a - 9. Let u be n(-11). Let h(k) = 3*k**2 + u*k**3 + 2 - k - 4*k**2 - k**2. What is h(g)?
8
Let f(z) = -2*z**2 - 9*z - 2. Let k(s) = s**2 + 4*s + 1. Let m(w) = 6*f(w) + 13*k(w). What is m(6)?
25
Let a(f) = f**2 - 10*f - 3. Suppose -214 + 259 = 5*j. Suppose -j*n = -47 - 43. Determine a(n).
-3
Let s = 5 - 2. Let b(k) = -5 + k - s*k + k. Suppose -6*x - 51 + 21 = 0. What is b(x)?
0
Let g be -15*((-16)/6)/8. Suppose 10*f - g = -15. Let l(y) = -1 + 24*y**2 + 0*y - 9*y**2 - y. Calculate l(f).
15
Let z(m) = -4*m - 4*m**2 + 9*m + 0 - m**3 - 6. Let k be z(-5). Let f = k + 6. Let v(q) = -q**3 + q**2 - q + 3. What is v(f)?
3
Let p(m) be the second derivative of m**5/20 - m**4/3 + m**3/6 - 2*m. Let q be 1/(-2)*-4 + -3. Let f be q/2 - ((-15)/6 - 0). Give p(f).
-6
Let j(l) = 11*l**2 - 24*l + 11*l - 6 + 16*l. Let z(v) = 4*v**2 + v - 2. Let o(u) = 3*j(u) - 8*z(u). What is o(-2)?
0
Let h = -14 + 14. Suppose h = 3*q - 2 - 1. Let t(k) = -2*k**2 - 1 + k**2 - q + 3 - 5*k. What is t(-4)?
5
Let k(s) be the first derivative of 7*s**6/120 - s**5/120 - 18*s**3 + 21. Let b(u) be the third derivative of k(u). Give b(1).
20
Let a(h) = -9*h + h + 21 + 9*h. Calculate a(-18).
3
Let r(t) = -3 + t + 17 - 5*t**2 - 23 - 5*t**2. Let f(c) be the second derivative of -c**4/4 - 3*c**2/2 + c. Let x(q) = -7*f(q) + 2*r(q). Give x(-2).
3
Let n(m) = 0*m**3 - 1 + 3*m**3 - 7*m**3 - 4*m**3 - m**2 + 2*m. Calculate n(1).
-8
Suppose 4*f = 4*l, f + 2*l + 4 = 5*f. Let z(q) = f*q - 5*q + 4*q + 2 - 1. Give z(-1).
0
Suppose 9*i + x = 6*i - 5, -5*x - 25 = -5*i. Let u(r) = -2*r - 5. What is u(i)?
-5
Suppose 3*u = 5*u - 6. Let g(f) = 5 + 0*f - 5*f + u*f. Let o = -44 + 49. What is g(o)?
-5
Let f(j) = j + 16. Let n(z) = 5. Let m = 12 - -31. Suppose a + 32 = 5*u, -4*u - 5*a + m = -0. Let d(c) = u*n(c) - 2*f(c). Determine d(2).
-1
Let l = 1066 + -1075. Let i(p) = 6*p + 13. Give i(l).
-41
Let k(o) = 1. Let q(y) = 3*y + 7. Let d(a) = -5*a - 11. Let b(w) = -5*d(w) - 8*q(w). Let t(v) = 4*b(v) + 4*k(v). Determine t(-2).
-8
Suppose -7 = -3*u + u + a, -u + 4*a = 0. Suppose -u*j + 8 + 24 = -3*p, -2*p = 4*j - 32. Let f(t) = t**3 - 7*t**2 - 6*t - 3. Give f(j).
13
Let z(s) = 18*s + 3*s**2 - 2*s**2 + 10*s**2 - 3 + 22 - 10*s**2. Give z(-16).
-13
Let k(x) = x**2 - x - 3. Let f be k(0). Let y(g) be the second derivative of g**4/12 + g**3/2 - 2*g + 606. Give y(f).
0
Let z(u) = 2*u - 9. Suppose -2*l - 3*b = 2*b - 57, 0 = -5*l - 4*b + 100. Let g = 23 - l. What is z(g)?
5
Let i(q) be the second derivative of -3/2*q**2 - 1/20*q**5 + 5*q + 0 - 5/6*q**3 + 7/12*q**4. What is i(6)?
3
Let k(u) = u**3 + 6*u**2 + 6*u + 5. Let b be 0 + -5 + 7 - 6. Give k(b).
13
Suppose x + 13 = 239*l - 244*l, 0